50
Calculate the greatest common divisor of 20 and 50.
10
What is the greatest common factor of 76 and 272?
4
Calculate the highest common divisor of 9 and 3177.
9
What is the greatest common factor of 319 and 58?
29
Calculate the highest common divisor of 90 and 795.
15
Calculate the highest common divisor of 14 and 756.
14
What is the highest common divisor of 186 and 54?
6
Calculate the greatest common divisor of 165 and 15.
15
What is the greatest common factor of 8280 and 36?
36
What is the greatest common divisor of 1534 and 354?
118
What is the highest common divisor of 272 and 187?
17
Calculate the highest common factor of 5 and 695.
5
What is the greatest common divisor of 940 and 60?
20
What is the greatest common divisor of 14430 and 60?
30
What is the highest common factor of 650 and 250?
50
What is the highest common divisor of 42730 and 10?
10
What is the highest common divisor of 14 and 112?
14
What is the highest common factor of 342 and 6876?
18
What is the highest common factor of 6 and 87?
3
Calculate the highest common divisor of 1067 and 110.
11
Calculate the greatest common factor of 14 and 1498.
14
What is the highest common divisor of 20320 and 16?
16
What is the highest common divisor of 5275 and 25?
25
What is the greatest common factor of 744 and 24?
24
What is the highest common factor of 5 and 110?
5
What is the greatest common factor of 1241 and 187?
17
Calculate the highest common divisor of 658 and 752.
94
What is the greatest common factor of 2 and 134?
2
Calculate the highest common divisor of 1106 and 14.
14
Calculate the highest common divisor of 221 and 85.
17
What is the highest common divisor of 282 and 1504?
94
Calculate the greatest common divisor of 738 and 90.
18
What is the greatest common divisor of 238 and 2198?
14
Calculate the highest common factor of 45 and 300.
15
Calculate the greatest common factor of 128 and 88.
8
Calculate the greatest common divisor of 1394 and 68.
34
Calculate the highest common factor of 84 and 1596.
84
What is the greatest common divisor of 40 and 4190?
10
Calculate the greatest common factor of 2338 and 42.
14
What is the highest common factor of 24 and 3348?
12
Calculate the highest common factor of 35 and 560.
35
What is the highest common divisor of 100 and 300?
100
Calculate the highest common factor of 264 and 33.
33
What is the highest common factor of 6 and 996?
6
Calculate the highest common factor of 54 and 66.
6
Calculate the highest common factor of 78 and 481.
13
Calculate the highest common divisor of 1829 and 558.
31
What is the greatest common divisor of 50 and 7425?
25
Calculate the highest common divisor of 2 and 554.
2
Calculate the highest common factor of 3885 and 185.
185
Calculate the highest common factor of 16497 and 312.
39
What is the highest common divisor of 12 and 1698?
6
Calculate the greatest common divisor of 90 and 2682.
18
What is the highest common divisor of 630 and 21?
21
Calculate the highest common factor of 505 and 1717.
101
What is the highest common factor of 1197 and 63?
63
What is the greatest common factor of 51146 and 214?
214
What is the greatest common divisor of 913 and 209?
11
Calculate the greatest common factor of 427 and 133.
7
What is the greatest common factor of 3584 and 768?
256
What is the greatest common factor of 520 and 13?
13
What is the greatest common divisor of 312 and 21?
3
What is the greatest common factor of 1 and 261?
1
Calculate the greatest common factor of 2 and 128.
2
What is the highest common factor of 10 and 202?
2
Calculate the greatest common divisor of 14 and 175.
7
What is the highest common factor of 6 and 2232?
6
What is the highest common factor of 46906 and 94?
94
What is the highest common divisor of 8 and 908?
4
What is the greatest common factor of 602 and 1462?
86
Calculate the greatest common factor of 240 and 195.
15
Calculate the highest common factor of 5494 and 164.
82
What is the greatest common factor of 341 and 62?
31
Calculate the greatest common factor of 127 and 2413.
127
What is the greatest common factor of 3699 and 216?
27
Calculate the highest common divisor of 26 and 247.
13
What is the greatest common divisor of 22 and 33?
11
Calculate the highest common factor of 3116 and 1148.
164
What is the greatest common divisor of 296 and 10027?
37
What is the highest common factor of 1312 and 82?
82
What is the highest common divisor of 182 and 5551?
91
Calculate the greatest common factor of 688 and 2048.
16
What is the highest common divisor of 516 and 48?
12
What is the highest common factor of 8 and 484?
4
What is the highest common divisor of 42 and 2058?
42
Calculate the greatest common divisor of 116 and 406.
58
Calculate the highest common factor of 230 and 4646.
46
Calculate the highest common divisor of 301 and 172.
43
Calculate the highest common divisor of 21 and 994.
7
Calculate the highest common divisor of 13 and 767.
13
Calculate the highest common divisor of 985 and 10.
5
What is the highest common factor of 26 and 104?
26
What is the highest common divisor of 19 and 3515?
19
What is the highest common factor of 10 and 1810?
10
What is the greatest common factor of 1734 and 1020?
102
What is the highest common factor of 28 and 1792?
28
What is the highest common divisor of 255 and 14365?
85
Calculate the highest common divisor of 110 and 88.
22
What is the highest common factor of 534 and 78?
6
Calculate the highest common factor of 28 and 14924.
28
Calculate the highest common factor of 1184 and 368.
16
Calculate the highest common factor of 510 and 816.
102
Calculate the greatest common divisor of 51 and 1632.
51
Calculate the highest common divisor of 35 and 5285.
35
What is the highest common divisor of 702 and 416?
26
What is the highest common divisor of 65 and 2080?
65
Calculate the highest common divisor of 40 and 1200.
40
What is the greatest common factor of 640 and 416?
32
Calculate the greatest common factor of 27 and 117.
9
What is the greatest common divisor of 6565 and 260?
65
Calculate the greatest common factor of 46915 and 55.
55
What is the greatest common factor of 3549 and 63?
21
What is the highest common factor of 9373 and 91?
91
Calculate the greatest common factor of 260 and 11245.
65
Calculate the highest common factor of 19 and 7619.
19
Calculate the greatest common factor of 2263 and 124.
31
What is the greatest common divisor of 729 and 18?
9
Calculate the greatest common divisor of 725 and 50.
25
Calculate the greatest common factor of 8375 and 125.
125
Calculate the highest common divisor of 38442 and 258.
258
Calculate the greatest common divisor of 28 and 2044.
28
Calculate the greatest common divisor of 1159 and 171.
19
What is the highest common divisor of 11 and 55?
11
What is the highest common factor of 81 and 27?
27
Calculate the highest common factor of 82 and 205.
41
What is the greatest common factor of 938 and 1204?
14
What is the highest common factor of 551 and 19?
19
Calculate the greatest common divisor of 200 and 6050.
50
Calculate the greatest common divisor of 1130 and 10.
10
Calculate the highest common divisor of 5 and 45.
5
Calculate the greatest common factor of 252 and 168.
84
Calculate the highest common factor of 16 and 7.
1
What is the highest common factor of 38050 and 50?
50
Calculate the highest common divisor of 1508 and 3132.
116
What is the greatest common factor of 224 and 12?
4
What is the greatest common divisor of 179 and 45824?
179
Calculate the greatest common divisor of 1111 and 1.
1
What is the greatest common divisor of 19762 and 164?
82
Calculate the highest common divisor of 19 and 608.
19
Calculate the greatest common factor of 824 and 12566.
206
Calculate the greatest common divisor of 2108 and 1984.
124
Calculate the greatest common factor of 611 and 39.
13
What is the greatest common divisor of 2048 and 8?
8
Calculate the greatest common factor of 45 and 891.
9
What is the greatest common factor of 52 and 12?
4
What is the greatest common divisor of 55404 and 38?
38
What is the highest common divisor of 2380 and 420?
140
What is the highest common divisor of 3281 and 17?
17
What is the highest common factor of 70 and 160?
10
What is the highest common factor of 76 and 342?
3